e d(-11).
4020
Let b(a) = 14*a**3 + 321*a**2 + 107*a - 71. Determine b(-22).
3867
Let l(q) = -q**3 - 37*q**2 - 215*q - 7953. What is l(-37)?
2
Let v(y) = -y**3 - 31*y**2 + 1549*y - 7953. Determine v(6).
9
Let w(j) = 22259*j + 623275. Calculate w(-28).
23
Let x(w) = -6*w**3 - 3*w**2 + 28512*w + 57029. What is x(-2)?
41
Let v(r) = 990790*r + 21797381. Give v(-22).
1
Let s(r) = -118*r**2 - 214*r + 7. What is s(-2)?
-37
Let q(v) = 379*v - 19755. Determine q(52).
-47
Let c(h) = 2048*h + 1228801. What is c(-600)?
1
Let v(p) = 436*p - 43648. What is v(100)?
-48
Let c(d) = 19*d**2 - 50682*d + 50681. Calculate c(1).
18
Let c(p) = -141*p - 15489. Determine c(-110).
21
Let h(v) = -v**2 - 557847*v - 2789223. What is h(-5)?
-13
Let f(k) = k**3 + 18*k**2 + 107*k + 1589. Calculate f(-17).
59
Let o(s) = -440*s - 7046. Determine o(-16).
-6
Let h(j) = -6*j**3 - 623*j**2 + 3954*j + 21. Calculate h(6).
21
Let q(c) = 483*c**2 + 33810*c - 9. What is q(-70)?
-9
Let z(a) = 3*a**3 - 572*a**2 - 180*a - 2259. Give z(191).
-158
Let s(q) = 327*q - 1806. Calculate s(10).
1464
Let a(c) = 64*c + 3177. What is a(-55)?
-343
Let i(x) = -x**3 - 63*x**2 + 286*x - 3591. What is i(-68)?
81
Let q(s) = -13934*s - 97538. Calculate q(-7).
0
Let s(y) = -623*y - 117691. Determine s(-189).
56
Let r(l) = -777*l + 7467. Determine r(10).
-303
Let l(f) = 242*f**2 - 3874*f - 11. What is l(16)?
-43
Let w(a) = -2*a**2 + 115*a - 1416. What is w(39)?
27
Let r(c) = 694*c**3 - 21*c + 21. Determine r(1).
694
Let b(c) = -c**3 + 8*c**2 - 183*c + 3809. Calculate b(14).
71
Let p(w) = -w**3 - 6*w**2 + 63*w + 401. What is p(-6)?
23
Let j(a) = -2486*a - 907389. Calculate j(-365).
1
Let r(j) = -2*j**2 - 42*j - 1113. What is r(0)?
-1113
Let d(l) = 74*l - 1062. What is d(17)?
196
Let l(w) = 880*w - 42280. Calculate l(48).
-40
Let o(c) = 83218*c - 582542. Give o(7).
-16
Let i(g) = -72*g - 25419. Give i(-353).
-3
Let m(f) = -14*f**2 - 302*f - 2574. Calculate m(-10).
-954
Let c(g) = 3309*g + 6097. What is c(-2)?
-521
Let q(w) = 1419*w - 344813. Give q(243).
4
Let t(x) = -x**3 - 262*x**2 - 829*x - 13741. What is t(-259)?
-273
Let m(k) = 98*k + 700. Determine m(-12).
-476
Let f(d) = -4*d**2 + 2088*d + 147426. What is f(585)?
6
Let t(z) = z**2 - 396573*z - 1982891. Determine t(-5).
-1
Let w(m) = 2*m**3 + 20*m**2 - 353*m - 2404. Determine w(-6).
2
Let s(q) = 259*q - 509. Give s(2).
9
Let f(i) = i**3 - 12*i**2 - 2820*i + 36480. Determine f(13).
-11
Let t(m) = 1316*m + 19919. What is t(-15)?
179
Let d(w) = w**3 + 9*w**2 - 1545*w - 226. Calculate d(-44).
-6
Let x(o) = 876*o + 223380. Calculate x(-255).
0
Let d(n) = -6*n**3 + 7*n**2 + 149*n - 290. What is d(2)?
-12
Let d(s) = -107343*s - 107317. What is d(-1)?
26
Let i(x) = 3252*x - 64476. Give i(20).
564
Let i(j) = -5*j + 396. Calculate i(12).
336
Let n(k) = 2*k**3 - 97*k**2 - 7261*k + 350857. Give n(48).
25
Let c(t) = -97*t**2 - 2231*t + 2. Calculate c(-23).
2
Let c(v) = 76896*v + 2076187. Give c(-27).
-5
Let a(u) = 2*u**2 - 35*u - 953. What is a(30)?
-203
Let k(z) = -18*z**2 + 245*z + 56. Determine k(-1).
-207
Let y(f) = -3*f**2 - 3704*f + 40502. Determine y(11).
-605
Let h(p) = p**3 - p**2 - 102*p - 66. Calculate h(-10).
-146
Let s(t) = -9*t**2 + 988*t + 5967. What is s(-6)?
-285
Let q(n) = n**3 + 36*n**2 - 82*n - 2880. Determine q(-36).
72
Let f(k) = 1384*k + 5458. Determine f(-4).
-78
Let m(x) = 959*x - 259943. Calculate m(271).
-54
Let w(j) = -2*j**3 - 16*j**2 - 15*j - 132. Give w(-9).
165
Let f(h) = 5*h**2 - 45*h + 994. Calculate f(38).
6504
Let w(a) = -3*a**2 - 106*a + 3760. Calculate w(23).
-265
Let z(p) = p**3 + p**2 - 14*p + 373. What is z(12)?
2077
Let w(p) = -p**3 + 13*p**2 + 200*p + 16. Give w(-10).
316
Let s(b) = -126*b + 1403. What is s(8)?
395
Let n(g) = g**2 + 7122*g + 318472. Determine n(-45).
7
Let h(v) = v**3 + 401*v**2 - 1834*v - 251278. Determine h(-404).
10
Let b(g) = 226935*g - 13389181. Calculate b(59).
-16
Let j(c) = -2*c**3 + 148*c**2 - 5*c - 328. Give j(74).
-698
Let t(a) = -a**3 + 791*a**2 - 4649*a - 373. Give t(6).
-7
Let l(w) = w**3 + 83*w**2 + 175*w + 6928. What is l(-82)?
-698
Let h(l) = -4*l**3 - 32*l**2 - 2*l - 254. Calculate h(-9).
88
Let n(y) = 218*y**2 + 3922*y + 14. Determine n(-18).
50
Let r(p) = -27*p - 7428. What is r(-276)?
24
Let o(j) = -38450*j + 2845297. Calculate o(74).
-3
Let g(u) = -280*u + 146. Give g(1).
-134
Let o(m) = -1225*m + 1909. Calculate o(2).
-541
Let g(o) = -60*o**3 - 6963*o**2 - 254*o + 10925. Calculate g(-116).
21
Let r(q) = -1819*q + 139. Calculate r(0).
139
Let c(h) = -9*h**2 + 384*h + 6721. Determine c(56).
1
Let j(g) = -2*g**3 + 61*g**2 + 495*g - 17844. Determine j(28).
-64
Let o(x) = -12782*x - 115064. What is o(-9)?
-26
Let d(j) = 21*j - 1279. What is d(6)?
-1153
Let i(s) = 385*s**2 + 66987*s - 458. Give i(-174).
64
Let f(b) = 50*b**2 - 3814*b - 2701. Determine f(77).
71
Let m(n) = -5*n**3 - 13*n**2 + 56*n + 6. Determine m(5).
-664
Let b(x) = -4*x**2 + 23802*x - 261335. Determine b(11).
3
Let k(o) = -141*o + 6086. Calculate k(43).
23
Let f(q) = q**3 - 33*q**2 - 580*q - 781. Give f(46).
47
Let t(b) = -2875*b**2 - 819373*b + 509. Give t(-285).
-61
Let s(t) = 64*t**3 - 28*t**2 + 5*t + 14. What is s(-3)?
-1981
Let y(r) = -392*r - 6161. Calculate y(-16).
111
Let n(o) = -27*o**2 - 403*o + 56. What is n(-14)?
406
Let m(n) = -3*n**2 - 186*n - 2125. Give m(-44).
251
Let i(j) = 3*j**3 + 92*j**2 - 28*j - 228. What is i(-31)?
-321
Let w(d) = -d**3 - 86*d**2 - 68*d + 2899. Give w(-85).
1454
Let j(t) = -t**3 - 43*t**2 + 65*t - 815. What is j(-46)?
2543
Let o(w) = 3666*w**2 + 40318*w - 4. Calculate o(-11).
84
Let c(q) = -q**2 + 94*q + 89588. Determine c(350).
-12
Let j(b) = -4*b**2 + 2213*b + 15532. Give j(-7).
-155
Let b(x) = -3*x**2 + 106*x + 1300. Give b(-11).
-229
Let q(z) = z**3 - 49*z**2 - 147*z + 2997. Calculate q(52).
3465
Let q(w) = 12820*w - 25668. Calculate q(2).
-28
Let k(j) = 6*j**3 - 141*j**2 - 81*j + 194. What is k(24)?
-22
Let f(k) = 71*k**3 + 368*k**2 + 7*k + 53. Give f(-5).
343
Let w(n) = 3*n**3 + 122*n**2 + 756*n - 38. Determine w(-33).
61
Let d(u) = u**3 - 156*u**2 + 87*u - 38306. Determine d(157).
2
Let q(s) = s**3 + 224*s**2 - 6308*s - 20631. Calculate q(-249).
36
Let w(f) = f**3 + 50*f**2 - 400*f - 53. Give w(-57).
4
Let j(h) = 11*h + 2397. Determine j(-228).
-111
Let i(l) = l**2 - 647*l - 169416. Calculate i(-200).
-16
Let r(v) = -v**3 + 368*v**2 - 25018*v - 716. Determine r(278).
-160
Let q(t) = t**3 - 40*t**2 + 45*t - 791. Determine q(39).
-557
Let u(j) = 690*j**3 - 2069*j**2 - 2*j - 6. Give u(3).
-3
Let n(b) = 1774*b - 56798. What is n(32)?
-30
Let x(w) = -2161*w + 202920. Determine x(94).
-214
Let q(f) = f**3 - 187*f**2 + 2576*f - 539. Give q(172).
-1227
Let v(n) = -12431*n + 248619. Calculate v(20).
-1
Let p(m) = 13*m**2 - 2284*m + 8262. Calculate p(172).
6
Let l(j) = -1678*j + 239. What is l(2)?
-3117
Let y(z) = 47*z**2 - 30*z + 30. Determine y(1).
47
Let k(v) = 5897*v + 18358. Give k(-3).
667
Let s(n) = -n**3 + 83*n**2 + 1138*n + 167. Calculate s(95).
-23
Let x(s) = -69289*s - 762186. Give x(-11).
-7
Let y(i) = 11*i**2 + 237*i - 7144. What is y(-38)?
-266
Let t(m) = -106130*m - 636520. Calculate t(-6).
260
Let k(j) = j**3 + 10*j**2 - 293*j - 2712. Determine k(-9).
6
Let b(q) = -8753*q + 44720. Give b(5).
955
Let i(t) = -11*t**3 - 421*t**2 - 1495*t + 16. Determine i(-4).
-36
Let w(j) = -4*j**2 - 138*j - 1261. Determine w(-21).
-127
Let k(m) = -126*m + 16883. Calculate k(130).
503
Let o(g) = g**3 + 7*g**2 - 163*g - 36. Calculate o(-17).
-155
Let q(a) = 19*a**2 - 1270*a + 92. Give q(67).
293
Let v(y) = 3151*y**2 + 44109*y - 93. What is v(-14)?
-23
Let z(n) = 10418*n - 583444. Calculate z(56).
-36
Let o(y) = -8333*y + 449978. Give o(54).
-4
Let f(c) = -25*c - 1068. What is f(-2)?
-1018
Let s(u) = -8*u**3 - 28*u**2 - 65*u - 12. Calculate s(-6).
1098
Let r(u) = -893*u + 122273. Determine r(137).
-68
Let i(y) = -5*y**2 + 1063*y + 6541. Determine i(-6).
-17
Let h(f) = -8*f**3 + 23*f**2 - 267*f + 615. Determine h(3).
-195
Let n(i) = 4633*i + 2594467. Give n(-560).
-13
Let k(t) = 4061*t + 52743. What is k(-13)?
-50
Let l(t) = -2*t**2 - 158*t - 637. Calculate l(-76).
-181
Let o(k) = 182*k - 478. What is o(0)?
-478
Let b(y) = y**3 + 408*y**2 - 5046*y - 1732668. Give b(-410).
-8
Let h(r) = -10